test common factor of 600 and 158880.
120
What is the highest common factor of 71610 and 1708?
14
What is the highest common factor of 1889 and 5?
1
Calculate the greatest common divisor of 85 and 11237.
17
Calculate the greatest common divisor of 10 and 1775.
5
What is the greatest common divisor of 717 and 12463611?
717
What is the highest common divisor of 20658 and 11581?
313
Calculate the greatest common divisor of 284 and 3956972.
284
Calculate the greatest common factor of 16346 and 88.
22
Calculate the highest common divisor of 898724 and 996.
332
What is the greatest common divisor of 700560 and 6960?
240
What is the greatest common divisor of 488823 and 6477?
381
What is the highest common factor of 76032 and 231?
33
What is the highest common divisor of 1221829 and 7?
7
What is the highest common factor of 40 and 74590?
10
What is the highest common factor of 8388 and 144?
36
What is the greatest common divisor of 48 and 4434?
6
Calculate the greatest common factor of 1757056 and 1295.
259
Calculate the greatest common factor of 64785 and 567.
21
What is the greatest common divisor of 94104 and 72?
72
Calculate the greatest common factor of 5220 and 7047.
261
Calculate the greatest common factor of 510776 and 1008.
56
Calculate the greatest common divisor of 23170 and 21910.
70
Calculate the greatest common factor of 3225 and 608250.
75
Calculate the highest common factor of 727538 and 314.
314
What is the highest common divisor of 247051 and 203?
203
Calculate the greatest common factor of 46 and 83306.
46
What is the greatest common factor of 419463 and 627?
627
Calculate the highest common divisor of 16389 and 81.
27
What is the highest common divisor of 31 and 81?
1
Calculate the greatest common factor of 567 and 465021.
81
Calculate the highest common divisor of 1270194 and 372.
186
What is the greatest common factor of 5319 and 513?
27
What is the highest common divisor of 2077305 and 20?
5
Calculate the greatest common factor of 1056 and 496.
16
What is the highest common divisor of 21667 and 922?
461
Calculate the greatest common divisor of 28025 and 50.
25
Calculate the greatest common divisor of 340 and 26360.
20
Calculate the greatest common factor of 18104 and 3.
1
Calculate the highest common factor of 100 and 228650.
50
What is the highest common factor of 932458 and 262?
262
Calculate the highest common divisor of 111750 and 42.
6
What is the highest common factor of 1422 and 13122?
18
Calculate the greatest common divisor of 2016 and 9970128.
1008
Calculate the highest common factor of 85 and 72195.
5
What is the greatest common divisor of 1221 and 17760?
111
What is the greatest common divisor of 216011 and 114?
19
Calculate the highest common factor of 360 and 20736.
72
What is the highest common factor of 16695 and 360?
45
Calculate the greatest common divisor of 10926 and 18.
18
Calculate the highest common factor of 234 and 99164.
26
Calculate the highest common factor of 275 and 20460.
55
What is the highest common divisor of 335911 and 97?
97
Calculate the greatest common divisor of 1274 and 58968.
182
What is the highest common divisor of 45726 and 6?
6
Calculate the greatest common factor of 275285 and 15.
5
What is the highest common factor of 2409797 and 26?
13
Calculate the highest common factor of 99 and 16687.
11
Calculate the highest common divisor of 465036 and 26.
26
What is the highest common factor of 137008 and 16?
16
What is the highest common divisor of 11570 and 520?
130
What is the greatest common factor of 126 and 29799?
63
Calculate the highest common divisor of 80 and 1567056.
16
Calculate the highest common factor of 1852392 and 158.
158
What is the highest common divisor of 41888 and 2079?
77
What is the highest common factor of 297 and 858055?
11
Calculate the greatest common factor of 13031 and 249.
83
What is the greatest common factor of 94824 and 8?
8
Calculate the highest common factor of 228 and 6460.
76
What is the highest common factor of 2784572 and 196?
196
What is the highest common factor of 662 and 404813?
331
What is the greatest common factor of 3792 and 575752?
632
What is the greatest common divisor of 2556 and 87188?
284
What is the highest common factor of 2862 and 2700?
54
What is the greatest common divisor of 87992 and 34?
34
Calculate the greatest common divisor of 120 and 206520.
120
What is the greatest common factor of 66 and 2572?
2
Calculate the highest common factor of 1932 and 1596.
84
Calculate the greatest common divisor of 7784064 and 432.
144
What is the highest common factor of 1274 and 4410?
98
What is the highest common divisor of 976 and 2643984?
976
What is the greatest common divisor of 23 and 18524085?
23
Calculate the highest common factor of 304 and 165566.
38
Calculate the greatest common factor of 26841 and 18492.
69
Calculate the greatest common factor of 23046 and 414.
138
Calculate the greatest common divisor of 2823 and 6643460.
941
Calculate the greatest common factor of 249 and 904119.
249
What is the greatest common factor of 27450 and 1692?
18
What is the highest common factor of 263 and 225917?
263
Calculate the highest common divisor of 501440 and 520.
40
What is the greatest common divisor of 79480 and 40?
40
What is the highest common factor of 172 and 544724?
172
What is the highest common factor of 228 and 83828?
76
Calculate the greatest common divisor of 16146 and 230.
46
Calculate the highest common divisor of 596014 and 466.
466
What is the greatest common divisor of 902 and 3256?
22
Calculate the highest common factor of 13150 and 38924.
526
What is the highest common factor of 9785 and 13110?
95
Calculate the greatest common divisor of 2072230 and 50.
10
Calculate the greatest common factor of 288610 and 119.
7
What is the greatest common divisor of 40173 and 42?
21
What is the greatest common divisor of 8 and 173300?
4
Calculate the greatest common divisor of 20569 and 804.
67
What is the highest common factor of 64041 and 9?
3
What is the greatest common factor of 21 and 1967343?
21
Calculate the greatest common factor of 1488 and 163029.
93
Calculate the highest common factor of 291 and 174018.
291
Calculate the greatest common divisor of 15 and 72195.
15
What is the greatest common divisor of 140 and 810?
10
What is the greatest common factor of 24 and 296?
8
What is the highest common factor of 279 and 2952?
9
Calculate the greatest common divisor of 700 and 5140.
20
What is the highest common factor of 880 and 160270?
110
Calculate the highest common divisor of 99 and 168124.
11
What is the highest common divisor of 61072 and 32?
16
What is the highest common factor of 19887 and 78601?
947
What is the highest common divisor of 1980004 and 696?
116
Calculate the highest common divisor of 82 and 14719.
41
What is the highest common divisor of 175956 and 1860?
372
What is the greatest common factor of 11 and 99077?
11
What is the greatest common divisor of 48424 and 80?
8
What is the highest common factor of 135 and 1402785?
135
Calculate the highest common factor of 12 and 9012.
12
What is the greatest common divisor of 145334 and 49?
49
Calculate the highest common factor of 8 and 190136.
8
What is the highest common divisor of 900 and 817950?
150
Calculate the greatest common factor of 788 and 3870262.
394
What is the greatest common divisor of 1917 and 5325?
213
Calculate the highest common divisor of 36456 and 420.
84
What is the greatest common divisor of 1587915 and 7?
7
Calculate the greatest common divisor of 8585 and 4335.
85
What is the highest common divisor of 15400 and 400?
200
Calculate the greatest common divisor of 4092 and 23250.
186
Calculate the greatest common factor of 286146 and 378.
378
What is the greatest common divisor of 1055 and 80?
5
Calculate the greatest common divisor of 1923 and 25640.
641
What is the greatest common factor of 12040 and 102942?
602
Calculate the greatest common factor of 12075697 and 38.
19
What is the highest common factor of 403 and 7781?
31
Calculate the highest common divisor of 1508 and 5338320.
1508
What is the highest common divisor of 9652 and 2?
2
Calculate the greatest common divisor of 51814 and 28.
14
Calculate the highest common factor of 263 and 118402